{"id":17144,"date":"2023-11-28T16:09:49","date_gmt":"2023-11-28T19:09:49","guid":{"rendered":"https:\/\/muniteodoro.cl\/portal\/?page_id=17144"},"modified":"2023-11-28T16:09:49","modified_gmt":"2023-11-28T19:09:49","slug":"plasam-plan-de-salud-comunal-2024","status":"publish","type":"page","link":"https:\/\/muniteodoro.cl\/portal\/plasam-plan-de-salud-comunal-2024\/","title":{"rendered":"PLASAM &#8211; PLAN DE SALUD COMUNAL 2024"},"content":{"rendered":"<p>En cumplimiento a Ley 19.378, el Ministerio de Salud, deber\u00e1 comunicar normas t\u00e9cnicas sobre los programas de salud, a trav\u00e9s de los respectivos servicios de salud, a las entidades administradoras de salud municipal, a m\u00e1s tardar el 10 de septiembre del a\u00f1o anterior de su ejecuci\u00f3n. Las Municipalidad por su parte generan anualmente el <strong>PLAN DE SALUD COMUNAL<\/strong> en concordancia con los objetivos sanitarios al 2030, considerados en las orientaciones program\u00e1ticas y normas t\u00e9cnicas emanadas por el Minsal, seg\u00fan lo establece la Ley del Estatuto de Atenci\u00f3n Primaria, pero se debe incorporar los elementos del contexto local y los \u00e9nfasis propios de una gesti\u00f3n basada en el diagnostico de salud locales.Este plan debe ser propuesto y ejecutado por los equipos de salud de cada municipio, asesorado por los Servicios de Salud.<br \/>\nLa programaci\u00f3n contenida en el plan de salud tiene dos funciones prioritarias tanto para el equipo multidisciplinario como para el usuario, ya que, influyen significativamente en las prestaciones que deben recibir y en la calidad de dichas actividades, estas funciones son:<\/p>\n<ul>\n<li>Ejecutar las pol\u00edticas de salud vigente a nivel nacional<\/li>\n<li>Facilitar el trabajo de los centros que prestan atenci\u00f3n directa a las personas y comunidades.<\/li>\n<\/ul>\n<p>El Plan de Salud Comunal de Teodoro Schmidt , permite orientar a nuestros centros de salud en definir y determinar los objetivos estrat\u00e9gicos, metas a lograr, estrategias a implementar, distribuir eficientemente los recursos disponibles tanto humano, f\u00edsico y oficializar las actividades y protocolos internos para el mejor desempe\u00f1o de lo estipulado.<\/p>\n<p>A lo expuesto anteriormente, se presenta el plan de salud para la Comuna de Teodoro Schmidt, entregando una visi\u00f3n clara referente al diagn\u00f3stico epidemiol\u00f3gico, determinantes sociales, diagn\u00f3stico sanitario, diagn\u00f3stico comunal participativo y plan de acci\u00f3n de salud para el a\u00f1o 2021, con el fin de dar cumplimiento a normativa vigentes, determinar los procesos para el logro de los objetivos establecidos y fomentar una atenci\u00f3n de calidad y satisfacci\u00f3n usuaria para la comuna de Teodoro Schmidt.<\/p>\n<hr \/>\n<p>PLASAM A\u00d1O 2024 <a href=\"https:\/\/muniteodoro.cl\/portal\/wp-content\/uploads\/2023\/11\/PLAN-DE-SALUD-COMUNAL-2024.pdf\">\u00a1Desc\u00e1rgalo Aqu\u00ed!<\/a><\/p>\n","protected":false},"excerpt":{"rendered":"<p>En cumplimiento a Ley 19.378, el Ministerio de Salud, deber\u00e1 comunicar normas t\u00e9cnicas sobre los programas de salud, a trav\u00e9s de los respectivos servicios de salud, a las entidades administradoras de salud municipal, a m\u00e1s tardar el 10 de septiembre del a\u00f1o anterior de su ejecuci\u00f3n. Las Municipalidad por su parte generan anualmente el PLAN [&hellip;]<\/p>\n","protected":false},"author":5,"featured_media":17145,"parent":0,"menu_order":0,"comment_status":"closed","ping_status":"closed","template":"","meta":{"xn-wppe-expiration":[],"xn-wppe-expiration-action":[],"xn-wppe-expiration-prefix":[],"footnotes":""},"class_list":["post-17144","page","type-page","status-publish","has-post-thumbnail","hentry"],"publishpress_future_action":{"enabled":false,"date":"2026-04-26 22:23:30","action":"change-status","newStatus":"draft","terms":[],"taxonomy":"","extraData":[]},"publishpress_future_workflow_manual_trigger":{"enabledWorkflows":[]},"_links":{"self":[{"href":"https:\/\/muniteodoro.cl\/portal\/wp-json\/wp\/v2\/pages\/17144","targetHints":{"allow":["GET"]}}],"collection":[{"href":"https:\/\/muniteodoro.cl\/portal\/wp-json\/wp\/v2\/pages"}],"about":[{"href":"https:\/\/muniteodoro.cl\/portal\/wp-json\/wp\/v2\/types\/page"}],"author":[{"embeddable":true,"href":"https:\/\/muniteodoro.cl\/portal\/wp-json\/wp\/v2\/users\/5"}],"replies":[{"embeddable":true,"href":"https:\/\/muniteodoro.cl\/portal\/wp-json\/wp\/v2\/comments?post=17144"}],"version-history":[{"count":1,"href":"https:\/\/muniteodoro.cl\/portal\/wp-json\/wp\/v2\/pages\/17144\/revisions"}],"predecessor-version":[{"id":17146,"href":"https:\/\/muniteodoro.cl\/portal\/wp-json\/wp\/v2\/pages\/17144\/revisions\/17146"}],"wp:featuredmedia":[{"embeddable":true,"href":"https:\/\/muniteodoro.cl\/portal\/wp-json\/wp\/v2\/media\/17145"}],"wp:attachment":[{"href":"https:\/\/muniteodoro.cl\/portal\/wp-json\/wp\/v2\/media?parent=17144"}],"curies":[{"name":"wp","href":"https:\/\/api.w.org\/{rel}","templated":true}]}}