{"id":2475,"date":"2018-12-03T17:47:52","date_gmt":"2018-12-03T20:47:52","guid":{"rendered":"http:\/\/muniteodoro.cl\/portal\/?page_id=2475"},"modified":"2025-12-04T09:12:02","modified_gmt":"2025-12-04T12:12:02","slug":"pladeco-2025-2029","status":"publish","type":"page","link":"https:\/\/muniteodoro.cl\/portal\/pladeco-2025-2029\/","title":{"rendered":"PLADECO 2025 &#8211; 2029"},"content":{"rendered":"<h3>\u00bfQu\u00e9 es el PLAN DE DESARROLLO COMUNAL?<\/h3>\r\n<p>Es un instrumento de planificaci\u00f3n que permite Planificar y definir las acciones que realizar\u00e1 la Municipalidad de Teodoro Schmidt para satisfacer las necesidades de la Comunidad a trav\u00e9s de la ejecuci\u00f3n de Proyectos y Programas con el fin de mejorar la calidad de vida de sus habitantes.<\/p>\r\n<ol>\r\n<li><strong>Construcci\u00f3n de los Lineamientos Estrat\u00e9gicos Comunales.<\/strong><\/li>\r\n<\/ol>\r\n<p>Se construir\u00e1 el PLAN DE DESARROLLO COMUNAL con los siguientes ejes o lineamientos estrat\u00e9gicos:<\/p>\r\n<ol>\r\n<li>Desarrollo Econ\u00f3mico y Productivo.<\/li>\r\n<li>Desarrollo Social y Territorial.<\/li>\r\n<li>Educaci\u00f3n Deporte y Cultura<\/li>\r\n<li>Salud<\/li>\r\n<li>Medioambiente y Seguridad P\u00fablica<\/li>\r\n<\/ol>\r\n<p>&nbsp;<\/p>\r\n<p><strong>2. \u00bfQui\u00e9n Aprueba el PLADECO y Qu\u00e9 vigencia Tiene?<\/strong><\/p>\r\n<p>Lo aprueba el Alcalde y el concejo Municipal por un periodo de 6 a\u00f1os.<\/p>\r\n<p>&nbsp;<\/p>\r\n<p><\/p>\r\n<p style=\"text-align: center;\">Plan de Desarrollo Local PLADECO 2025 &#8211; 2029 <a href=\"https:\/\/muniteodoro.cl\/portal\/wp-content\/uploads\/2025\/12\/PLADECO-2025-2029.pdf\">\u00a1Descarga el informe aqu\u00ed!<\/a><\/p>\r\n<p style=\"text-align: center;\">DAE 1583 APRUEBA PLADECO 2025 &#8211; 2029 <a href=\"https:\/\/muniteodoro.cl\/portal\/wp-content\/uploads\/2025\/12\/DAE-1583-APRUEBA-PLADECO-2025-2029.pdf\">\u00a1Descarga el documento aqu\u00ed!<\/a><\/p>\r\n<p style=\"text-align: center;\">\r\n\r\n<\/p>\r\n<p>\r\n\r\n<\/p>\r\n<div class=\"wp-block-buttons is-content-justification-center is-layout-flex wp-block-buttons-is-layout-flex\">\u00a0<\/div>\r\n<p style=\"text-align: center;\">\r\n\r\n<\/p>\r\n\r\n\r\n\r\n<div class=\"wp-block-buttons is-content-justification-center is-layout-flex wp-block-buttons-is-layout-flex\">\u00a0<\/div>\r\n","protected":false},"excerpt":{"rendered":"<p>\u00bfQu\u00e9 es el PLAN DE DESARROLLO COMUNAL? Es un instrumento de planificaci\u00f3n que permite Planificar y definir las acciones que realizar\u00e1 la Municipalidad de Teodoro Schmidt para satisfacer las necesidades de la Comunidad a trav\u00e9s de la ejecuci\u00f3n de Proyectos y Programas con el fin de mejorar la calidad de vida de sus habitantes. Construcci\u00f3n [&hellip;]<\/p>\n","protected":false},"author":2,"featured_media":19736,"parent":0,"menu_order":0,"comment_status":"closed","ping_status":"closed","template":"","meta":{"xn-wppe-expiration":[],"xn-wppe-expiration-action":[],"xn-wppe-expiration-prefix":[],"footnotes":""},"class_list":["post-2475","page","type-page","status-publish","has-post-thumbnail","hentry"],"publishpress_future_action":{"enabled":false,"date":"2026-04-30 00:38:30","action":"change-status","newStatus":"draft","terms":[],"taxonomy":"","extraData":[]},"publishpress_future_workflow_manual_trigger":{"enabledWorkflows":[]},"_links":{"self":[{"href":"https:\/\/muniteodoro.cl\/portal\/wp-json\/wp\/v2\/pages\/2475","targetHints":{"allow":["GET"]}}],"collection":[{"href":"https:\/\/muniteodoro.cl\/portal\/wp-json\/wp\/v2\/pages"}],"about":[{"href":"https:\/\/muniteodoro.cl\/portal\/wp-json\/wp\/v2\/types\/page"}],"author":[{"embeddable":true,"href":"https:\/\/muniteodoro.cl\/portal\/wp-json\/wp\/v2\/users\/2"}],"replies":[{"embeddable":true,"href":"https:\/\/muniteodoro.cl\/portal\/wp-json\/wp\/v2\/comments?post=2475"}],"version-history":[{"count":42,"href":"https:\/\/muniteodoro.cl\/portal\/wp-json\/wp\/v2\/pages\/2475\/revisions"}],"predecessor-version":[{"id":19815,"href":"https:\/\/muniteodoro.cl\/portal\/wp-json\/wp\/v2\/pages\/2475\/revisions\/19815"}],"wp:featuredmedia":[{"embeddable":true,"href":"https:\/\/muniteodoro.cl\/portal\/wp-json\/wp\/v2\/media\/19736"}],"wp:attachment":[{"href":"https:\/\/muniteodoro.cl\/portal\/wp-json\/wp\/v2\/media?parent=2475"}],"curies":[{"name":"wp","href":"https:\/\/api.w.org\/{rel}","templated":true}]}}