{"id":460,"date":"2017-02-13T16:45:50","date_gmt":"2017-02-13T16:45:50","guid":{"rendered":"http:\/\/muniteodoro.cl\/portal\/?page_id=460"},"modified":"2025-11-07T14:59:27","modified_gmt":"2025-11-07T17:59:27","slug":"direccion-de-transito","status":"publish","type":"page","link":"https:\/\/muniteodoro.cl\/portal\/direccion-de-transito\/","title":{"rendered":"DIRECCI\u00d3N DE TR\u00c1NSITO Y TRANSPORTE P\u00daBLICO"},"content":{"rendered":"<h3><img fetchpriority=\"high\" decoding=\"async\" class=\"aligncenter size-large wp-image-10915\" src=\"https:\/\/muniteodoro.cl\/portal\/wp-content\/uploads\/2022\/07\/FOTOS-DIRECTORES-WEB-09-1024x576.png\" alt=\"\" width=\"1024\" height=\"576\" srcset=\"https:\/\/muniteodoro.cl\/portal\/wp-content\/uploads\/2022\/07\/FOTOS-DIRECTORES-WEB-09-1024x576.png 1024w, https:\/\/muniteodoro.cl\/portal\/wp-content\/uploads\/2022\/07\/FOTOS-DIRECTORES-WEB-09-300x169.png 300w, https:\/\/muniteodoro.cl\/portal\/wp-content\/uploads\/2022\/07\/FOTOS-DIRECTORES-WEB-09-768x432.png 768w, https:\/\/muniteodoro.cl\/portal\/wp-content\/uploads\/2022\/07\/FOTOS-DIRECTORES-WEB-09-1536x864.png 1536w, https:\/\/muniteodoro.cl\/portal\/wp-content\/uploads\/2022\/07\/FOTOS-DIRECTORES-WEB-09-2048x1152.png 2048w, https:\/\/muniteodoro.cl\/portal\/wp-content\/uploads\/2022\/07\/FOTOS-DIRECTORES-WEB-09-660x371.png 660w\" sizes=\"(max-width: 1024px) 100vw, 1024px\" \/><\/h3>\n<h4>Luis Henr\u00edquez Henr\u00edquez<br \/>\n<em><span lang=\"es-ES\">Director de Transito y Transporte P\u00fablico<\/span><\/em><\/h4>\n<h4>\ud83d\udcde +56452922722<br \/>\n<span lang=\"es-ES\">\ud83d\udce7 <\/span><strong><span lang=\"es-ES\">direcciontransito@muniteodoro.cl<\/span><\/strong><\/h4>\n<hr \/>\n<p>&nbsp;<\/p>\n<p><strong>PERMISOS DE CIRCULACI\u00d3N<\/strong><\/p>\n<p><strong>\ud83d\udcde +56452378334<\/strong><br \/>\n<strong>\ud83d\udce7pcv@muniteodoro.cl<\/strong><br \/>\n<strong>\ud83d\udce7transitoteodoro@gmail.com<\/strong><\/p>\n<hr \/>\n<p>&nbsp;<\/p>\n<p><strong>LICENCIAS DE CONDUCIR<\/strong><\/p>\n<p><strong>\ud83d\udcde +56452378337<\/strong><br \/>\n<strong>\ud83d\udcde +56452378351<\/strong><br \/>\n<strong>\ud83d\udce7 licencias@muniteodoro.cl<\/strong><\/p>\n<hr \/>\n<p>La <strong>Direcci\u00f3n de Transito y Transporte P\u00fablico<\/strong>,\u00a0 tendr\u00e1 como objetivo velar por el cumplimiento de las normas legales que regulan el transito y transporte publico y por el mejoramiento de los sistemas de transito de la comuna La Direcci\u00f3n de Transito y Transporte Publico\u00a0tendr\u00e1 las siguientes <strong>funciones especificas<\/strong>:<\/p>\n<p class=\"western\" lang=\"es-ES\" align=\"JUSTIFY\">\u2022 Determinar el sentido de circulaci\u00f3n de veh\u00edculos, en coordinaci\u00f3n con los organismos de la Administraci\u00f3n del Estado compe\u00adtentes.<\/p>\n<p>\u2022 Se\u00f1alizar adecuadamente las v\u00edas publicas.<\/p>\n<p>\u2022 Estudiar y proponer medidas de regulaci\u00f3n y mejoramiento de los sistemas de transito en la comuna.<\/p>\n<p>\u2022 Proponer al Alcalde, para su dictaci\u00f3n, normas sobre cir\u00adculares, detenci\u00f3n, estacionamiento de veh\u00edculos, transito peatonal y funcionamiento de comercio en las v\u00edas publicas, como de cualquier actividad que afecta a la circulaci\u00f3n vehicu\u00adlar o peatonal.<\/p>\n<p>\u2022 Mantener actualizada y velar por el cumplimiento de la Ordenanza Local del Transito. Si no existe deber\u00e1 crearla.<\/p>\n<p>\u2022 Llevar a cabo la instalaci\u00f3n, mantenci\u00f3n y retiro de las se\u00f1ales de transito.<\/p>\n<p>\u2022 Mantener registros de instalaci\u00f3n, funcionamiento y retiro de las se\u00f1ales de transito.<\/p>\n<p>\u2022 Cumplir con las normas e instrucciones emanadas del Ministerio de Transporte y Telecomunicaciones y otros organismos.<\/p>\n<p>\u2022 Estudiar e informar a los organismos pertinentes sobre las solicitudes de autorizaci\u00f3n de recorrido de locomoci\u00f3n colecti\u00adva, taxis, estacionamientos, terminales y otros que puedan afectar la circulaci\u00f3n vehicular y peatonal.<\/p>\n<p>\u2022 Remitir oportunamente los informes de su \u00e1rea, a los organismos pertinentes y otras autoridades.<\/p>\n<p>\u2022 Recopilar, procesar y entrega informaci\u00f3n estad\u00edstica de la unidad.<\/p>\n<p>\u2022 Realizar el estudio de detecci\u00f3n de sectores que deben ser se\u00f1alizados en cuanto a signos, marcaciones de pavimento y otras medidas relacionadas con t\u00e9cnicas viales.<\/p>\n<p>\u2022 Efectuar estudios referentes al funcionamiento del comercio en las v\u00edas publicas, avisos publicitarios, instalaciones de kioscos u otras actividades que puedan afectar la circulaci\u00f3n vehi\u00adcular y peatonal.<\/p>\n<p>\u2022 Mantener registros actualizados de recorridos de locomoci\u00f3n colectiva y veh\u00edculos de alquiler que operen en la comuna.<\/p>\n<p>\u2022 Elaborar las bases y especificaciones para contratar servicios de mantenci\u00f3n de se\u00f1alizaci\u00f3n de transito y controlar su cumplimiento.<\/p>\n","protected":false},"excerpt":{"rendered":"<p>Luis Henr\u00edquez Henr\u00edquez Director de Transito y Transporte P\u00fablico \ud83d\udcde +56452922722 \ud83d\udce7 direcciontransito@muniteodoro.cl &nbsp; PERMISOS DE CIRCULACI\u00d3N \ud83d\udcde +56452378334 \ud83d\udce7pcv@muniteodoro.cl \ud83d\udce7transitoteodoro@gmail.com &nbsp; LICENCIAS DE CONDUCIR \ud83d\udcde +56452378337 \ud83d\udcde +56452378351 \ud83d\udce7 licencias@muniteodoro.cl La Direcci\u00f3n de Transito y Transporte P\u00fablico,\u00a0 tendr\u00e1 como objetivo velar por el cumplimiento de las normas legales que regulan el transito y transporte [&hellip;]<\/p>\n","protected":false},"author":1,"featured_media":18832,"parent":0,"menu_order":0,"comment_status":"closed","ping_status":"closed","template":"","meta":{"xn-wppe-expiration":[],"xn-wppe-expiration-action":[],"xn-wppe-expiration-prefix":[],"footnotes":""},"class_list":["post-460","page","type-page","status-publish","has-post-thumbnail","hentry"],"publishpress_future_action":{"enabled":false,"date":"2026-04-17 18:20:35","action":"change-status","newStatus":"draft","terms":[],"taxonomy":"","extraData":[]},"publishpress_future_workflow_manual_trigger":{"enabledWorkflows":[]},"_links":{"self":[{"href":"https:\/\/muniteodoro.cl\/portal\/wp-json\/wp\/v2\/pages\/460","targetHints":{"allow":["GET"]}}],"collection":[{"href":"https:\/\/muniteodoro.cl\/portal\/wp-json\/wp\/v2\/pages"}],"about":[{"href":"https:\/\/muniteodoro.cl\/portal\/wp-json\/wp\/v2\/types\/page"}],"author":[{"embeddable":true,"href":"https:\/\/muniteodoro.cl\/portal\/wp-json\/wp\/v2\/users\/1"}],"replies":[{"embeddable":true,"href":"https:\/\/muniteodoro.cl\/portal\/wp-json\/wp\/v2\/comments?post=460"}],"version-history":[{"count":13,"href":"https:\/\/muniteodoro.cl\/portal\/wp-json\/wp\/v2\/pages\/460\/revisions"}],"predecessor-version":[{"id":19780,"href":"https:\/\/muniteodoro.cl\/portal\/wp-json\/wp\/v2\/pages\/460\/revisions\/19780"}],"wp:featuredmedia":[{"embeddable":true,"href":"https:\/\/muniteodoro.cl\/portal\/wp-json\/wp\/v2\/media\/18832"}],"wp:attachment":[{"href":"https:\/\/muniteodoro.cl\/portal\/wp-json\/wp\/v2\/media?parent=460"}],"curies":[{"name":"wp","href":"https:\/\/api.w.org\/{rel}","templated":true}]}}