{"id":464,"date":"2017-02-13T20:14:18","date_gmt":"2017-02-13T20:14:18","guid":{"rendered":"http:\/\/muniteodoro.cl\/portal\/?page_id=464"},"modified":"2025-02-07T11:12:16","modified_gmt":"2025-02-07T14:12:16","slug":"direccion-de-desarrollo-comunitario","status":"publish","type":"page","link":"https:\/\/muniteodoro.cl\/portal\/direccion-de-desarrollo-comunitario\/","title":{"rendered":"DIRECCI\u00d3N DE DESARROLLO COMUNITARIO"},"content":{"rendered":"<h3><img fetchpriority=\"high\" decoding=\"async\" class=\"aligncenter size-large wp-image-11073\" src=\"https:\/\/muniteodoro.cl\/portal\/wp-content\/uploads\/2022\/07\/FOTOS-DIRECTORES-WEB-11-1024x576.png\" alt=\"\" width=\"1024\" height=\"576\" srcset=\"https:\/\/muniteodoro.cl\/portal\/wp-content\/uploads\/2022\/07\/FOTOS-DIRECTORES-WEB-11-1024x576.png 1024w, https:\/\/muniteodoro.cl\/portal\/wp-content\/uploads\/2022\/07\/FOTOS-DIRECTORES-WEB-11-300x169.png 300w, https:\/\/muniteodoro.cl\/portal\/wp-content\/uploads\/2022\/07\/FOTOS-DIRECTORES-WEB-11-768x432.png 768w, https:\/\/muniteodoro.cl\/portal\/wp-content\/uploads\/2022\/07\/FOTOS-DIRECTORES-WEB-11-1536x864.png 1536w, https:\/\/muniteodoro.cl\/portal\/wp-content\/uploads\/2022\/07\/FOTOS-DIRECTORES-WEB-11-2048x1152.png 2048w, https:\/\/muniteodoro.cl\/portal\/wp-content\/uploads\/2022\/07\/FOTOS-DIRECTORES-WEB-11-660x371.png 660w\" sizes=\"(max-width: 1024px) 100vw, 1024px\" \/><\/h3>\n<h4>Rodrigo Sepulveda Leal<br \/>\n<em><span lang=\"es-ES\">Director de Desarrollo Comunitario<\/span><\/em><\/h4>\n<h4>\ud83d\udcf1+569 9243 40 68<br \/>\n\ud83d\udcde +56 452 922720<br \/>\n<span lang=\"es-ES\">\ud83d\udce7 dideco@muniteodoro.cl<br \/>\n<\/span><\/h4>\n<hr \/>\n<p class=\"western\" lang=\"es-ES\" align=\"JUSTIFY\">La <strong>Direcci\u00f3n de Desarrollo Comunitario<\/strong>, tiene como objetivo asesorar al Alcalde y al Concejo, en la<br \/>\npromoci\u00f3n del desarrollo social, econ\u00f3mico y cultural de la Comuna, considerando especialmente la integraci\u00f3n y participaci\u00f3n de sus habitantes.<\/p>\n<h4 class=\"western\" lang=\"es-ES\" align=\"JUSTIFY\"><strong>A la Direcci\u00f3n de Desarrollo Comunitario, corresponden las siguientes funciones generales :<\/strong><\/h4>\n<p class=\"western\" lang=\"es-ES\" align=\"JUSTIFY\">\u2022 Asesorar al Alcalde y, tambi\u00e9n, al Concejo en la promoci\u00f3n del desarrollo comunitario.<\/p>\n<p class=\"western\" lang=\"es-ES\" align=\"JUSTIFY\">\u2022 Prestar asesor\u00eda t\u00e9cnica a las organizaciones comunitarias, fomentar su desarrollo y legalizaci\u00f3n, y promover su efectiva participaci\u00f3n en el municipio.<\/p>\n<p class=\"western\" lang=\"es-ES\" align=\"JUSTIFY\">\u2022 Proponer, y ejecutar, dentro de su \u00e1mbito y cuando corresponda, medidas tendientes a materializar acciones relacionadas con salud publica, protecci\u00f3n del medio ambiente, educaci\u00f3n y cultura, capacitaci\u00f3n laboral, deporte y recreaci\u00f3n, promoci\u00f3n del empleo, fomento productivo local y turismo.<\/p>\n<h4 class=\"western\" lang=\"es-ES\" align=\"JUSTIFY\"><strong>Desarrollo Comunitario deber\u00e1 cumplir con las siguientes funciones especificas :<\/strong><\/h4>\n<p class=\"western\" lang=\"es-ES\" align=\"JUSTIFY\">\u2022 Elaborar, administrar y ejecutar los programas sociales b\u00e1sicos y los proyectos derivados de estos, considerados en el a\u00e9rea social del plan comunal de desarrollo, tales como el fomento y organizaci\u00f3n de la comunidad, la acci\u00f3n social, y la capacitaci\u00f3n social, etc.<\/p>\n<p class=\"western\" lang=\"es-ES\" align=\"JUSTIFY\">\u2022 Promover la participaci\u00f3n de las organizaciones comunitarias en el Concejo Econ\u00f3mico y Social Comunal.<\/p>\n<p class=\"western\" lang=\"es-ES\" align=\"JUSTIFY\">\u2022 Confecci\u00f3n y tramitaci\u00f3n de toda la documentaci\u00f3n relacionada con elaboraci\u00f3n de proyectos de su atingencia.<\/p>\n<p class=\"western\" lang=\"es-ES\" align=\"JUSTIFY\">\u2022 Tramitar, gestionar, coordinar los programas y proyectos relacionados con soluciones habitacionales, procesos de postulaci\u00f3n, formaci\u00f3n de Comit\u00e9s de viviendas, procurando la coordinaci\u00f3n entre el municipio, entidades privadas y de servicios p\u00fablicos.<\/p>\n<p class=\"western\" lang=\"es-ES\" align=\"JUSTIFY\">\u2022 Mantener registros clasificados y actualizados de los documentos y materias de su competencia.<\/p>\n<p class=\"western\" lang=\"es-ES\" align=\"JUSTIFY\">\u2022 Elaborar y tramitar el programa de Subvenciones, de acuerdo a las instrucciones impartidas y requerimiento de organizaciones.<\/p>\n<p class=\"western\" lang=\"es-ES\" align=\"JUSTIFY\">\u2022 Organizar y Coordinar con la colaboraci\u00f3n de las autoridades correspondientes las labores de socorro y auxilio que sean necesarias en situaciones de emergencia u necesidad manifiesta, que afecten a personas o familias de la Comuna.<\/p>\n<p class=\"western\" lang=\"es-ES\" align=\"JUSTIFY\">\u2022 Coordinar el desarrollo de acciones sociales conjuntas con otras instituciones publicas y\/o privadas, en beneficio de la comunidad.<\/p>\n<p class=\"western\" lang=\"es-ES\" align=\"JUSTIFY\">\u2022 Elaborar, desarrollar y evaluar programas de capacitaci\u00f3n, tendientes a ampliar las posibilidades ocupacionales de la fuerza laboral de la poblaci\u00f3n cesante, desocupada o minusv\u00e1lida, para lo cual deber\u00e1 :<\/p>\n<p style=\"padding-left: 40px;\"><strong>1.<\/strong> Detectar y atender las necesidades de capacitaci\u00f3n especialmen\u00adte en materia laboral.<\/p>\n<p style=\"padding-left: 40px;\"><strong>2.<\/strong> Proporcionar capacitaci\u00f3n a personas cesantes, vecinos y organi\u00adzaciones comunitarias, tendientes al logro del desarrollo indi\u00advidual y comunitario, dando prioridad a los sectores mas necesitados.<\/p>\n<p style=\"padding-left: 40px;\"><strong>3.<\/strong> Administrar y efectuar los programas sociales referente a las materias de colocaci\u00f3n laboral.<\/p>\n<p style=\"padding-left: 40px;\"><strong>4.<\/strong> Mantener un contacto permanente con los sectores empresariales o fuentes de trabajo de la comuna.<\/p>\n<p style=\"padding-left: 40px;\"><strong>5.<\/strong> Fomentar el surgimiento de nuevas fuentes de trabajo, como la creaci\u00f3n de talleres laborales de tipo artesanal o prestaci\u00f3n de servicios.<\/p>\n<p style=\"padding-left: 40px;\"><strong>6.<\/strong> Mantener registro de las acciones y atenciones proporcionadas.<\/p>\n<p style=\"padding-left: 40px;\"><strong>7.<\/strong> Prestar atenci\u00f3n social al cesante y a su grupo familiar que lo requiera.<\/p>\n<p class=\"western\" lang=\"es-ES\" align=\"JUSTIFY\">\u2022 Efectuar un diagnostico recopilando, analizando y procesando la informaci\u00f3n relativa a la situaci\u00f3n actual del sector rural, en materias de educaci\u00f3n, Salud, caminos y otros, informando a instancias superiores y otras unidades municipales cuando corresponda.<\/p>\n<p class=\"western\" lang=\"es-ES\" align=\"JUSTIFY\">\u2022 Recepcionar las necesidades y requerimientos de la poblaci\u00f3n rural con el fin de activar la acci\u00f3n municipal y de otros organismos p\u00fablicos y\/o privados para conseguir su satisfacci\u00f3n.<\/p>\n<p class=\"western\" lang=\"es-ES\" align=\"JUSTIFY\">\u2022 Coordinar la acci\u00f3n con otras unidades municipales tendientes a materializar los proyectos y programas que deben realizarse en el sector rural a trav\u00e9s de la unidad que corresponda.<\/p>\n<p class=\"western\" lang=\"es-ES\" align=\"JUSTIFY\">\u2022 Efectuar proposiciones, an\u00e1lisis y evaluaciones permanentes del desarrollo rural, en relaci\u00f3n al Plan de Desarrollo Comunal.<\/p>\n<p class=\"western\" lang=\"es-ES\" align=\"JUSTIFY\">\u2022 Responsable de la correcta emisi\u00f3n y oportuna entrega de los informes a niveles superiores, de su \u00e1rea.<\/p>\n<p class=\"western\" lang=\"es-ES\" align=\"JUSTIFY\">\u2022 Elaborar y desarrollar programas de higiene y protecci\u00f3n del medio ambiente como asimismo otros programas que tienden a la prevenci\u00f3n, detecci\u00f3n y tratamiento de enfermedades de los habitantes de la comuna, en coordinaci\u00f3n con entidades privadas y con los organismos del Ministerio de Salud que corresponda.<\/p>\n<p class=\"western\" lang=\"es-ES\" align=\"JUSTIFY\">p) Coordinar con otras entidades municipales cuando corresponda, las acciones extra program\u00e1ticas que tengan relaci\u00f3n con la salud publica dentro de las normas vigentes.<\/p>\n","protected":false},"excerpt":{"rendered":"<p>Rodrigo Sepulveda Leal Director de Desarrollo Comunitario \ud83d\udcf1+569 9243 40 68 \ud83d\udcde +56 452 922720 \ud83d\udce7 dideco@muniteodoro.cl La Direcci\u00f3n de Desarrollo Comunitario, tiene como objetivo asesorar al Alcalde y al Concejo, en la promoci\u00f3n del desarrollo social, econ\u00f3mico y cultural de la Comuna, considerando especialmente la integraci\u00f3n y participaci\u00f3n de sus habitantes. A la Direcci\u00f3n [&hellip;]<\/p>\n","protected":false},"author":1,"featured_media":18833,"parent":0,"menu_order":0,"comment_status":"closed","ping_status":"closed","template":"","meta":{"xn-wppe-expiration":[],"xn-wppe-expiration-action":[],"xn-wppe-expiration-prefix":[],"footnotes":""},"class_list":["post-464","page","type-page","status-publish","has-post-thumbnail","hentry"],"publishpress_future_action":{"enabled":false,"date":"2026-04-14 21:51:34","action":"change-status","newStatus":"draft","terms":[],"taxonomy":"","extraData":[]},"publishpress_future_workflow_manual_trigger":{"enabledWorkflows":[]},"_links":{"self":[{"href":"https:\/\/muniteodoro.cl\/portal\/wp-json\/wp\/v2\/pages\/464","targetHints":{"allow":["GET"]}}],"collection":[{"href":"https:\/\/muniteodoro.cl\/portal\/wp-json\/wp\/v2\/pages"}],"about":[{"href":"https:\/\/muniteodoro.cl\/portal\/wp-json\/wp\/v2\/types\/page"}],"author":[{"embeddable":true,"href":"https:\/\/muniteodoro.cl\/portal\/wp-json\/wp\/v2\/users\/1"}],"replies":[{"embeddable":true,"href":"https:\/\/muniteodoro.cl\/portal\/wp-json\/wp\/v2\/comments?post=464"}],"version-history":[{"count":23,"href":"https:\/\/muniteodoro.cl\/portal\/wp-json\/wp\/v2\/pages\/464\/revisions"}],"predecessor-version":[{"id":17992,"href":"https:\/\/muniteodoro.cl\/portal\/wp-json\/wp\/v2\/pages\/464\/revisions\/17992"}],"wp:featuredmedia":[{"embeddable":true,"href":"https:\/\/muniteodoro.cl\/portal\/wp-json\/wp\/v2\/media\/18833"}],"wp:attachment":[{"href":"https:\/\/muniteodoro.cl\/portal\/wp-json\/wp\/v2\/media?parent=464"}],"curies":[{"name":"wp","href":"https:\/\/api.w.org\/{rel}","templated":true}]}}