{"id":5336,"date":"2021-04-16T08:41:48","date_gmt":"2021-04-16T12:41:48","guid":{"rendered":"http:\/\/muniteodoro.cl\/portal\/?page_id=5336"},"modified":"2021-04-16T08:42:36","modified_gmt":"2021-04-16T12:42:36","slug":"cuenta-publica-programa-promocion-de-salud-2020-dsm-teodoro-schmidt","status":"publish","type":"page","link":"https:\/\/muniteodoro.cl\/portal\/cuenta-publica-programa-promocion-de-salud-2020-dsm-teodoro-schmidt\/","title":{"rendered":"Cuenta P\u00fablica Programa Promoci\u00f3n de Salud 2020 DSM Teodoro Schmidt"},"content":{"rendered":"\n<p>Uno de los instrumentos m\u00e1s importantes para involucrar a las personas en la evaluaci\u00f3n y control de las pol\u00edticas p\u00fablicas lo constituyen las cuentas p\u00fablicas participativas, con el objetivo de mejorar los niveles de transparencia en gesti\u00f3n p\u00fablica e \u00edndices de gobernanza. Esta actividad, tiene como fin, informar a la comunidad sobre las diferentes inversiones y actividades que se han hecho a trav\u00e9s del programa promoci\u00f3n de salud desarrollado por el Departamento de Salud Municipal durante el a\u00f1o 2020, buscando que las personas puedan valorar la importancia de mejorar su calidad de vida, a trav\u00e9s de la actividad f\u00edsica y alimentaci\u00f3n saludable.<\/p>\n\n\n\n<p>Es por esto, que la SEREMI de Salud de La Araucan\u00eda en conjunto con la Municipalidad de Teodoro Schmidt, destinan recursos anualmente para lograr dichos objetivos.<\/p>\n\n\n\n<p>Cabe destacar, que debido a la Pandemia Mundial de COVID 19, esta Cuenta Publica no pudo ser de forma participativa, sino mas bien informativa.<\/p>\n\n\n\n<div class=\"wp-block-image\"><figure class=\"aligncenter size-large\"><a href=\"http:\/\/muniteodoro.cl\/portal\/wp-content\/uploads\/2021\/04\/Cuenta-publica-programa-promocion-de-salud-1.png\"><img fetchpriority=\"high\" decoding=\"async\" width=\"800\" height=\"2000\" src=\"http:\/\/muniteodoro.cl\/portal\/wp-content\/uploads\/2021\/04\/Cuenta-publica-programa-promocion-de-salud-1.png\" alt=\"\" class=\"wp-image-5354\" srcset=\"https:\/\/muniteodoro.cl\/portal\/wp-content\/uploads\/2021\/04\/Cuenta-publica-programa-promocion-de-salud-1.png 800w, https:\/\/muniteodoro.cl\/portal\/wp-content\/uploads\/2021\/04\/Cuenta-publica-programa-promocion-de-salud-1-120x300.png 120w, https:\/\/muniteodoro.cl\/portal\/wp-content\/uploads\/2021\/04\/Cuenta-publica-programa-promocion-de-salud-1-410x1024.png 410w, https:\/\/muniteodoro.cl\/portal\/wp-content\/uploads\/2021\/04\/Cuenta-publica-programa-promocion-de-salud-1-768x1920.png 768w, https:\/\/muniteodoro.cl\/portal\/wp-content\/uploads\/2021\/04\/Cuenta-publica-programa-promocion-de-salud-1-614x1536.png 614w, https:\/\/muniteodoro.cl\/portal\/wp-content\/uploads\/2021\/04\/Cuenta-publica-programa-promocion-de-salud-1-660x1650.png 660w\" sizes=\"(max-width: 800px) 100vw, 800px\" \/><\/a><\/figure><\/div>\n","protected":false},"excerpt":{"rendered":"<p>Uno de los instrumentos m\u00e1s importantes para involucrar a las personas en la evaluaci\u00f3n y control de las pol\u00edticas p\u00fablicas lo constituyen las cuentas p\u00fablicas participativas, con el objetivo de mejorar los niveles de transparencia en gesti\u00f3n p\u00fablica e \u00edndices de gobernanza. Esta actividad, tiene como fin, informar a la comunidad sobre las diferentes inversiones [&hellip;]<\/p>\n","protected":false},"author":2,"featured_media":5345,"parent":0,"menu_order":0,"comment_status":"closed","ping_status":"closed","template":"","meta":{"xn-wppe-expiration":[],"xn-wppe-expiration-action":[],"xn-wppe-expiration-prefix":[],"footnotes":""},"class_list":["post-5336","page","type-page","status-publish","has-post-thumbnail","hentry"],"publishpress_future_action":{"enabled":false,"date":"2026-05-02 05:03:18","action":"change-status","newStatus":"draft","terms":[],"taxonomy":"","extraData":[]},"publishpress_future_workflow_manual_trigger":{"enabledWorkflows":[]},"_links":{"self":[{"href":"https:\/\/muniteodoro.cl\/portal\/wp-json\/wp\/v2\/pages\/5336","targetHints":{"allow":["GET"]}}],"collection":[{"href":"https:\/\/muniteodoro.cl\/portal\/wp-json\/wp\/v2\/pages"}],"about":[{"href":"https:\/\/muniteodoro.cl\/portal\/wp-json\/wp\/v2\/types\/page"}],"author":[{"embeddable":true,"href":"https:\/\/muniteodoro.cl\/portal\/wp-json\/wp\/v2\/users\/2"}],"replies":[{"embeddable":true,"href":"https:\/\/muniteodoro.cl\/portal\/wp-json\/wp\/v2\/comments?post=5336"}],"version-history":[{"count":11,"href":"https:\/\/muniteodoro.cl\/portal\/wp-json\/wp\/v2\/pages\/5336\/revisions"}],"predecessor-version":[{"id":5361,"href":"https:\/\/muniteodoro.cl\/portal\/wp-json\/wp\/v2\/pages\/5336\/revisions\/5361"}],"wp:featuredmedia":[{"embeddable":true,"href":"https:\/\/muniteodoro.cl\/portal\/wp-json\/wp\/v2\/media\/5345"}],"wp:attachment":[{"href":"https:\/\/muniteodoro.cl\/portal\/wp-json\/wp\/v2\/media?parent=5336"}],"curies":[{"name":"wp","href":"https:\/\/api.w.org\/{rel}","templated":true}]}}